 6) in base 9?
-173
Convert 2 (base 3) to base 6.
2
Convert 3113 (base 4) to base 7.
425
Convert 0 (base 6) to base 3.
0
-3 (base 13) to base 3
-10
12 (base 9) to base 6
15
-20 (base 3) to base 5
-11
What is 10 (base 2) in base 9?
2
Convert 6 (base 11) to base 6.
10
What is -3100 (base 4) in base 3?
-21201
-116 (base 10) to base 11
-a6
Convert -b0 (base 13) to base 2.
-10001111
Convert 100 (base 3) to base 6.
13
What is 2 (base 12) in base 2?
10
Convert -2 (base 6) to base 15.
-2
What is -3013 (base 4) in base 9?
-241
What is -1400 (base 5) in base 11?
-195
-20121 (base 3) to base 16
-b2
-131 (base 6) to base 11
-50
What is -101010 (base 2) in base 12?
-36
Convert -2 (base 12) to base 16.
-2
Convert 3 (base 9) to base 8.
3
Convert -2 (base 4) to base 16.
-2
-20221 (base 3) to base 15
-c7
Convert 0 (base 10) to base 7.
0
What is -4 (base 9) in base 8?
-4
122 (base 5) to base 14
29
What is 0 (base 11) in base 13?
0
What is -16 (base 9) in base 2?
-1111
-20 (base 6) to base 11
-11
0 (base 9) to base 2
0
Convert 57 (base 11) to base 8.
76
Convert -3 (base 13) to base 5.
-3
-2 (base 8) to base 2
-10
1103 (base 4) to base 12
6b
What is -3 (base 13) in base 2?
-11
1 (base 2) to base 6
1
What is 1010100 (base 2) in base 9?
103
What is 2 (base 6) in base 3?
2
What is 240 (base 5) in base 4?
1012
14 (base 5) to base 8
11
What is -33 (base 16) in base 6?
-123
Convert 1 (base 15) to base 11.
1
Convert -3 (base 8) to base 14.
-3
Convert -183 (base 11) to base 2.
-11010100
What is 31 (base 10) in base 3?
1011
What is -100 (base 3) in base 5?
-14
2 (base 7) to base 5
2
Convert -12 (base 5) to base 8.
-7
Convert -101111 (base 2) to base 6.
-115
1011011 (base 2) to base 5
331
Convert 403 (base 5) to base 11.
94
Convert 8 (base 12) to base 11.
8
Convert -17 (base 9) to base 15.
-11
What is 3 (base 5) in base 12?
3
Convert 41 (base 9) to base 2.
100101
What is -153 (base 13) in base 3?
-22210
Convert -1a (base 11) to base 4.
-111
Convert 11 (base 6) to base 16.
7
What is 13 (base 12) in base 11?
14
71 (base 10) to base 13
56
-23 (base 14) to base 7
-43
-26 (base 15) to base 12
-30
Convert 17 (base 12) to base 6.
31
14 (base 10) to base 12
12
137 (base 10) to base 16
89
Convert 33 (base 5) to base 2.
10010
What is -28 (base 10) in base 5?
-103
-11 (base 9) to base 14
-a
6 (base 14) to base 12
6
What is -1100 (base 2) in base 4?
-30
8 (base 10) to base 6
12
Convert -2 (base 4) to base 14.
-2
Convert -13 (base 12) to base 11.
-14
1110 (base 2) to base 15
e
14 (base 12) to base 16
10
15 (base 8) to base 13
10
-11011 (base 3) to base 10
-112
2b (base 15) to base 3
1112
54 (base 7) to base 12
33
What is 0 (base 14) in base 13?
0
What is 1 (base 6) in base 11?
1
Convert -144 (base 8) to base 16.
-64
Convert -100200 (base 3) to base 2.
-100000101
Convert 7 (base 8) to base 6.
11
What is 2 (base 6) in base 5?
2
-2 (base 3) to base 11
-2
What is -111 (base 2) in base 15?
-7
Convert -3e (base 16) to base 5.
-222
Convert -31 (base 13) to base 4.
-220
Convert e (base 16) to base 13.
11
What is 2 (base 9) in base 12?
2
-10111001 (base 2) to base 9
-225
Convert 7c (base 15) to base 12.
99
What is 34 (base 6) in base 10?
22
Convert 30 (base 8) to base 15.
19
Convert 3 (base 12) to base 14.
3
-14 (base 5) to base 13
-9
Convert 5 (base 6) to base 5.
10
Convert -9 (base 10) to base 13.
-9
What is -42 (base 13) in base 3?
-2000
What is -36 (base 15) in base 7?
-102
-1000 (base 3) to base 7
-36
What is 0 (base 3) in base 5?
0
11 (base 3) to base 8
4
-13 (base 12) to base 6
-23
What is 3332 (base 4) in base 14?
142
3 (base 14) to base 3
10
-31 (base 7) to base 9
-24
Convert -6 (base 9) to base 13.
-6
What is -1 (base 7) in base 6?
-1
Convert 18 (base 16) to base 15.
19
Convert 3 (base 10) to base 8.
3
What is 1 (base 4) in base 8?
1
-11 (base 2) to base 12
-3
-1025 (base 6) to base 2
-11101001
-5 (base 14) to base 4
-11
What is 32 (base 8) in base 3?
222
What is 20 (base 9) in base 13?
15
11 (base 2) to base 16
3
Convert -3 (base 9) to base 14.
-3
4 (base 16) to base 11
4
80 (base 10) to base 15
55
-269 (base 10) to base 9
-328
Convert -4 (base 6) to base 16.
-4
What is -26 (base 9) in base 16?
-18
-17 (base 10) to base 7
-23
10001001 (base 2) to base 6
345
10020 (base 3) to base 16
57
What is -86 (base 14) in base 16?
-76
-2 (base 4) to base 13
-2
Convert 30 (base 11) to base 7.
45
What is -7 (base 13) in base 3?
-21
What is 26 (base 16) in base 11?
35
1101 (base 2) to base 9
14
Convert -10011100 (base 2) to base 5.
-1111
What is 7 (base 8) in base 9?
7
-1 (base 3) to base 8
-1
Convert 3 (base 6) to base 5.
3
Convert -4 (base 12) to base 4.
-10
Convert -2310 (base 5) to base 9.
-406
3 (base 12) to base 7
3
-10 (base 9) to base 2
-1001
Convert -4 (base 9) to base 16.
-4
Convert 121 (base 6) to base 15.
34
Convert 101 (base 7) to base 15.
35
Convert 3 (base 5) to base 9.
3
What is -5 (base 15) in base 11?
-5
Convert 0 (base 10) to base 11.
0
5 (base 10) to base 3
12
What is -73 (base 12) in base 8?
-127
-3 (base 9) to base 11
-3
What is 1131 (base 5) in base 16?
a6
What is -2 (base 6) in base 15?
-2
10 (base 8) to base 6
12
What is 111010 (base 2) in base 5?
213
What is -7 (base 9) in base 5?
-12
What is 22 (base 4) in base 13?
a
Convert 4 (base 9) to base 4.
10
What is -53 (base 14) in base 10?
-73
Convert 6 (base 16) to base 15.
6
Convert -69 (base 15) to base 3.
-10200
Convert 133 (base 4) to base 14.
23
5 (base 9) to base 16
5
Convert 7 (base 10) to base 12.
7
37 (base 12) to base 3
1121
What is 3 (base 13) in base 4?
3
5 (base 14) to base 9
5
What is -1a (base 15) in base 14?
-1b
What is 546 (base 7) in base 14?
15d
What is 103 (base 4) in base 5?
34
-254 (base 7) to base 11
-115
62 (base 8) to base 10
50
Convert -104 (base 5) to base 10.
-29
Convert -14 (base 9) to base 2.
-1101
What is 31 (base 12) in base 8?
45
What is -7 (base 13) in base 3?
-21
-4 (base 14) to base 10
-4
Convert -3 (base 9) to base 16.
-3
2 (base 13) to base 15
2
Convert 31 (base 9) to base 16.
1c
22 (base 4) to base 11
a
What is 72 (base 13) in base 12?
79
2 (base 3) to base 13
2
What is -5 (base 16) in base 5?
-10
Convert -71 (base 9) to base 8.
-100
Convert -2 (base 12) to base 6.
-2
24 (base 9) to base 12
1a
6 (base 13) to base 10
6
13 (base 15) to base 9
20
11010 (base 2) to base 15
1b
1011100 (base 2) to base 10
92
What is -11 (base 12) in base 9?
-14
What is 100 (base 2) in base 16?
4
What is -1 (base 3) in base 7?
-1
What is -114 (base 9) in base 7?
-163
30 (base 12) to base 10
36
-10220 (base 3) to base 12
-89
Convert -27 (base 8) to base 3.
-212
2 (base 3) to base 6
2
-101 (base 5) to base 9
-28
-11 (base 3) to base 13
-4
What is -d (base 15) in base 3?
-111
Convert 3 (base 11) to base 5.
3
Convert -d (base 14) to base 3.
-111
What is 173 (base 9) in base 11?
124
What is -1 (base 10) in base 7?
-1
5 (base 15) to base 12
5
Convert -6 (base 13) to base 15.
-6
33 (base 12) to base 6
103
-80 (base 14) to base 12
-94
Convert -41 (base 15) to base 7.
-115
Convert -3 (base 15) to base 9.
-3
Convert -8 (base 13) to base 15.
-8
Convert -70 (base 8) to base 12.
-48
4 (base 12) to base 2
100
What is 11 (base 4) in base 15?
5
What is -20 (base 15) in base 11?
-28
Convert 1b (base 13) to base 5.
44
-10 (base 4) to base 6
-4
33 (base 6) to base 13
18
What is 114 (base 6) in base 2?
101110
-53 (base 9) to base 13
-39
Convert -483 (base 9) to base 4.
-12033
What is -1 (base 5) in base 16?
-1
-4 (base 14) to base 3
-11
What is -53 (base 14) in base 4?
-1021
21 (base 15) to base 4
133
-23 (base 4) to base 10
-11
10 (base 6) to base 15
6
14 (base 9) to base 13
10
What is -1 (base 15) in base 11?
-1
4 (base 14) to base 11
4
What is 0 (base 4) in base 6?
0
1 (base 8) to base 16
1
Convert 110111 (base 2) to base 12.
47
21 (base 3) to base 9
7
26 (base 10) to base 4
122
Convert 1 (base 11) to base 8.
1
What is -400 (base 7) in base 16?
-c4
-2 (base 8) to base 9
-2
Convert -22 (base 11) to base 2.
-11000
What is 15 (base 16) in base 14?
17
Convert 22 (base 3) to base 5.
13
What is 1 (base 8) in base 16?
1
What is 0 (base 6) in base 4?
0
Convert 1100 (base 3) to base 16.
24
What is -2 (base 10) in base 14?
-2
156 (base 7) to base 5
330
Convert -101001101 (base 2) to base 3.
-110100
0 (base 15) to base 3
0
-48 (base 12